 = -0*n + n - 16, 4*n - h*a - 48 = 0. What is the tens digit of n?
1
Suppose -t = 5*y - 1982, -3*t - 2*t = -2*y - 9775. Suppose 0 = 4*o - 3*n - 1969, n - t = -7*o + 3*o. What is the units digit of o?
0
Let p = -4742 + 5412. What is the tens digit of p?
7
Suppose 5*i = 0, 0 = -0*x + x - 2*i - 7. Let f be (-4)/8*(3 - x). What is the units digit of (3 - f)*(7 - -68)?
5
Let y be (10 + -5)*(-8)/(-20). Suppose -y*v + 5*k = -1931, -2*k = 3*v - 3*k - 2903. What is the units digit of v?
8
Let n(o) = 213*o + 1122. What is the thousands digit of n(25)?
6
Let g(f) = -f**3 - 17*f**2 - 37*f - 33. Let j be g(-15). Suppose 8*n + j = 17*n. What is the units digit of n?
8
Let k(z) = 18*z**2 - 94*z + 1479. What is the tens digit of k(19)?
9
Suppose 0 = -0*b - 5*b - 0*b + 14370. What is the thousands digit of b?
2
Suppose -8*y - 28 = 148. Suppose 0 = 3*t + 4*s - 35, -3*s = -4*s - 4. Let m = t - y. What is the tens digit of m?
3
Let s = 32 - 18. Let v = s + -9. Suppose v*z - 3*q - 104 = 0, 28 = -2*z + 3*z + 3*q. What is the units digit of z?
2
Let h(j) = 25*j**3 - 17*j**2 + 56*j + 38. What is the units digit of h(6)?
2
Suppose 14*s = -s + 90. Let t = 0 - s. What is the units digit of 5 - 7 - 10*(t + 1)?
8
Let t be (-6)/(10/12 - (-34)/51). What is the hundreds digit of (-1171)/(-2)*((9 - 3) + t)?
1
Let g = 906 + -41. Suppose 14*i = g + 6485. What is the tens digit of i?
2
Suppose 5*w - b - 31937 = 0, -5*w + 39*b - 34*b + 31925 = 0. What is the thousands digit of w?
6
Let j(q) = q - 10*q + 13 + 5*q - 17*q. Suppose 10 = -3*m - 2*k - 15, 3*k + 6 = 0. What is the units digit of j(m)?
0
Let v = 95 - 98. Let z(p) = -2*p**3 - p**2 + p - 1. Let j be z(v). Let a = j + 14. What is the units digit of a?
5
Suppose -c = -2*w + 824, 3*c - 2*w = -c - 3278. What is the hundreds digit of 60/90 + c/(-6)?
1
Let o = -1148 - -4418. What is the hundreds digit of o?
2
Suppose -4*b - 59519 = -3*h, 0 = 3*h - 2*b - 86699 + 27184. What is the hundreds digit of h?
8
Suppose 4*v = -16, 2*v + 0*v - 12 = -w. Suppose -2*k + 1626 = -3*r, 19*k + 835 = w*k + 4*r. What is the hundreds digit of k?
8
Suppose -50*a = -79389 + 10789. What is the tens digit of a?
7
Let r = 97 - -66. Suppose 0 = 3*d - 2*v - 98, -4*d = -3*v - r + 34. Let b = d - 29. What is the units digit of b?
7
Let z(q) = -1293*q - 14673. What is the units digit of z(-17)?
8
Let r = 2091 - -4864. What is the tens digit of r?
5
Let d(w) = -9*w**3 - 8*w**2 + 66*w - 31. What is the units digit of d(-10)?
9
Let h be (-234)/15 - 0 - (-4)/(-10). Let b(o) = -54*o - 19. What is the tens digit of b(h)?
4
Let w(d) be the first derivative of 133*d**2/2 - d + 55. What is the hundreds digit of w(5)?
6
Let o = -816 + -26. Let p = o - -1213. What is the hundreds digit of p?
3
Suppose -6*z + 12639 = -3345. What is the hundreds digit of z?
6
Let i(c) = 685*c - 551. What is the units digit of i(6)?
9
Let l be (-6 + (-21)/(-4))*1304. Let q = 1772 + l. What is the hundreds digit of q?
7
Suppose 0 = -0*j - 10*j + 280. Let m be 1*111*5/5. Let g = j + m. What is the tens digit of g?
3
Suppose -32 - 83 = -23*c. Suppose y = -5*i + 3*y + 2192, -c*i + 2180 = -5*y. What is the tens digit of i?
4
Let j(i) = 5*i**3 - 6*i**2 - 4*i + 6. Let n(r) = -3*r**3 + 6*r**2 + 5*r - 6. Let h(p) = -2*j(p) - 3*n(p). What is the tens digit of h(-10)?
7
Let x be 63/(-6)*-39*(-4)/(-7). Suppose -f + 5*r + 70 = 0, -3*f = -6*f + 3*r + x. What is the tens digit of f?
8
Suppose -10*k + 33 + 17 = 0. Suppose -200 = -k*l + 205. What is the units digit of l?
1
Let t(a) = -4*a**2 - 21*a + 25. Let v = -38 - -33. Let c(w) = -2*w**2 - 10*w + 13. Let y(n) = v*c(n) + 2*t(n). What is the tens digit of y(6)?
0
Let a = -172 - -169. Let n(t) = -t**3 + 2*t**2 + 3*t - 4*t**2 - t**3 + 1. What is the units digit of n(a)?
8
Let y(d) = 46*d**2 + 15*d - 65. Let p be y(4). Let z = p - 395. What is the hundreds digit of z?
3
Let c(o) = 8*o**2 + 5*o + 7. Let y = 6 - 12. Let m(f) = f**3 + 6*f**2 + 3*f + 15. Let z be m(y). What is the tens digit of c(z)?
6
Let s(p) = -2*p**3 + 10*p**2 - 12*p + 55. Let w be s(5). What is the tens digit of ((-5)/20)/(w/13660)?
8
Let z(f) = 356*f + 82. What is the thousands digit of z(19)?
6
Let c(z) = z**2 + 47*z + 1435. What is the hundreds digit of c(-87)?
9
Let s = -102460 - -179819. What is the units digit of s?
9
Suppose 4*r = 7*r - 2*a - 43311, 4*a + 14417 = r. What is the hundreds digit of r?
4
Suppose -5*m = -9*m + 24. What is the units digit of 1599 - m/5*10/(-4)?
2
Let u be (-1 + 4 + -2)/((-2)/(-168)). Let v be (u/14)/((-2)/1). Let q(x) = 12*x**2 + 2*x + 3. What is the tens digit of q(v)?
0
Let x = 116 - -64. Suppose -o = -2*v - 14, o + 2*v - 26 = -2*o. Suppose o*l = 6*l + x. What is the tens digit of l?
4
Suppose -2*a + t = -0*t + 1084, -4*t + 1084 = -2*a. Let b = a - -827. What is the tens digit of b?
8
Let h(q) = 859*q**2 + 84*q - 100. What is the tens digit of h(4)?
8
What is the thousands digit of ((-4)/(-6) + 122630/15)/(110/165)?
2
Suppose -2*h + 468 + 818 = 2*m, -4*m - 5*h + 2570 = 0. What is the hundreds digit of m?
6
Let h(t) be the third derivative of -t**6/45 - 17*t**5/120 - 3*t**4/8 + 10*t**2. Let x(z) be the second derivative of h(z). What is the units digit of x(-5)?
3
Let r(j) = 3*j + 20. Let l be r(-5). Suppose -l*o + 4 = 29, 0 = -2*v + 5*o + 193. Let x = 59 + v. What is the hundreds digit of x?
1
Let o = -680 + 1274. Suppose -3*b - 466 = 4*n, 5*n - 2*b = -0*b - o. Let u = 170 + n. What is the units digit of u?
2
Let b be 697/(-7) + 16/28. Let k = -96 - b. What is the units digit of (1 - k) + (-1395)/(-9)?
3
Suppose 0 = -4*c - 0*k + k + 1581, 0 = 2*c + 5*k - 807. Let g = -253 + c. What is the hundreds digit of g?
1
Let i(v) = -2*v**2 + v - 18. Let w be 35/15*(1 + -1 - -3). Let j be i(w). What is the tens digit of ((-2)/1 + j)/(-1)?
1
Let r(q) = q**3 + 5*q**2 - 14*q + 4. Let y be r(-7). Suppose 3*m + 3 = -y*k, 3 = -5*k + 3*k - m. What is the hundreds digit of ((-7)/(105/(-192)))/(k/(-45))?
1
Let b(n) = 20*n**2 - n - 6. Let z(o) = -2*o**3 + 8*o**2 + 12*o - 6. Let m be z(5). Let x be b(m). Let k = x + -188. What is the units digit of k?
2
Let m(g) = 2*g**2 + 33*g - 11. Let t be m(7). Let q = 545 - t. What is the units digit of q?
7
Let h = -76277 - -170496. What is the thousands digit of h?
4
Suppose 3*v + 44 = -5*a - 996, 2*v = 3*a - 725. Let o = v - -498. What is the tens digit of o?
4
Suppose 0 = 3*i - 5*i + t - 47612, 3*t - 119031 = 5*i. What is the units digit of (-1)/5 - (-10)/((-250)/i)?
2
Suppose 2*t + 2*t = w + 8, 5*w - 32 = -4*t. Let d(s) = -4*s**2 + s**2 - 4*s**t + 2*s**3 + 16 + s - 13. What is the tens digit of d(-3)?
2
Suppose 0 = -7*o - 32393 - 69604. What is the hundreds digit of (-6)/90*-9 + o/(-15)?
9
Let v = 13532 - 11830. What is the thousands digit of v?
1
Let f be (2 - -28)*77/14. Let u be 10/8 - f/(-44). Suppose -6*a - u*a = -2013. What is the units digit of a?
3
Let g(a) = 3946*a + 1252. What is the ten thousands digit of g(7)?
2
Let q(y) = -3*y**3 + 2*y**3 - 2*y**2 - 30 - 12*y**2 - 13*y. Let x = 14577 - 14591. What is the tens digit of q(x)?
5
Let n(w) = 2*w + 107. Let u be n(-21). Suppose u = -16*o + 225. What is the units digit of o?
0
Let o(k) be the second derivative of -k**4/12 + 7*k**3/3 + 7*k**2/2 + 2*k. Let y be o(14). What is the tens digit of (22/(-3))/(y/(-84))?
8
Let y(a) = 110*a + 5. Let f = 94 - 83. Suppose -f = w - 3*x, w = 3*x - 8*x + 21. What is the tens digit of y(w)?
1
Let k = 722 + 10669. What is the thousands digit of k?
1
Let v be 12/(-4)*(-420)/7. Let n = v - 177. What is the units digit of n?
3
Let a(z) = -67*z + 76*z - 4*z**3 + 2*z**3 + 16 + 10*z**2 - 5*z**2. What is the units digit of a(-6)?
4
Let d(f) = 3*f**3 + 3*f**2 - 128*f + 152. What is the hundreds digit of d(24)?
2
Suppose 0 = -m - 3, 3*k = 5*m + 461 + 1024. Let s = k + -317. What is the tens digit of s?
7
Suppose 0 = 4*c + 4*k - 3*k - 5390, 4*k = -c + 1355. Let j = c - 593. What is the hundreds digit of j?
7
Let h(f) = -f**3 + 10*f**2 - 2*f + 22. Let l = -72 + 60. Let c = l + 22. What is the units digit of h(c)?
2
Let z(i) = -709*i - 1581. What is the units digit of z(-10)?
9
Let a(k) = -k - 6. Let w be a(-11). Suppose -5*g + 5 + 5 = w*r, -5*g = -2*r + 4. Suppose -r*t - v + 203 = 0, v - 383 = -5*t + 123. What is the tens digit of t?
0
Let k(v) = -